{"id":1564,"date":"2024-05-17T17:50:27","date_gmt":"2024-05-17T15:50:27","guid":{"rendered":"https:\/\/www.delpyg.com\/Montacargas\/?post_type=product&#038;p=1564"},"modified":"2024-05-17T17:58:50","modified_gmt":"2024-05-17T15:58:50","slug":"a2-series-pallet-truck-with-lithium-power","status":"publish","type":"product","link":"https:\/\/www.delpyg.com\/Montacargas\/product\/a2-series-pallet-truck-with-lithium-power\/","title":{"rendered":"A2 Series Pallet Truck With Lithium Power"},"content":{"rendered":"<div class=\"wpb-content-wrapper\"><p>[vc_row][vc_column][vc_column_text css=&#8221;&#8221;]<\/p>\n<div class=\"flex-1 overflow-hidden\">\n<div class=\"react-scroll-to-bottom--css-ocrlf-79elbk h-full\">\n<div class=\"react-scroll-to-bottom--css-ocrlf-1n7m0yu\">\n<div class=\"flex flex-col text-sm pb-9\">\n<div class=\"w-full text-token-text-primary\" dir=\"auto\" data-testid=\"conversation-turn-69\">\n<div class=\"px-4 py-2 justify-center text-base md:gap-6 m-auto\">\n<div class=\"flex flex-1 text-base mx-auto gap-3 juice:gap-4 juice:md:gap-6 md:px-5 lg:px-1 xl:px-5 md:max-w-3xl lg:max-w-[40rem] xl:max-w-[48rem]\">\n<div class=\"relative flex w-full min-w-0 flex-col agent-turn\">\n<div class=\"flex-col gap-1 md:gap-3\">\n<div class=\"flex flex-grow flex-col max-w-full\">\n<div class=\"min-h-[20px] text-message flex flex-col items-start gap-3 whitespace-pre-wrap break-words [.text-message+&amp;]:mt-5 overflow-x-auto\" dir=\"auto\" data-message-author-role=\"assistant\" data-message-id=\"cdbc9b9f-7f5a-428e-bcc7-fea01ea9980d\">\n<div class=\"markdown prose w-full break-words dark:prose-invert light\">\n<p style=\"text-align: justify;\">La transpaleta el\u00e9ctrica de pie de la serie A2 con bater\u00eda de litio de segunda generaci\u00f3n ha sido recientemente desarrollada por Hangcha Group Co., Ltd. para log\u00edstica de almacenes. Con la \u00faltima tecnolog\u00eda de conducci\u00f3n AC, un rendimiento avanzado, comodidad operativa, seguridad y confiabilidad, y un bajo costo de mantenimiento, es la elecci\u00f3n ideal para almacenes, supermercados y talleres para manipular y transportar mercanc\u00edas paletizadas. Equipada con celdas y m\u00f3dulos de bater\u00eda de litio dedicados para las carretillas elevadoras de la serie C, desarrolladas conjuntamente por el Grupo Hangcha y CATL. Integrada con cargador est\u00e1ndar y funci\u00f3n de calefacci\u00f3n el\u00e9ctrica.<\/p>\n<\/div>\n<\/div>\n<\/div>\n<\/div>\n<\/div>\n<\/div>\n<\/div>\n<\/div>\n<\/div>\n<\/div>\n<\/div>\n<\/div>\n<p>[\/vc_column_text][vc_empty_space height=&#8221;60px&#8221;][\/vc_column][\/vc_row][vc_row][vc_column width=&#8221;1\/2&#8243;][vc_single_image image=&#8221;1565&#8243; img_size=&#8221;full&#8221; css=&#8221;&#8221;][vc_custom_heading text=&#8221;Con el joystick compacto y elegante, todas las operaciones pueden completarse con una sola mano.&#8221; font_container=&#8221;tag:h6|text_align:center&#8221; google_fonts=&#8221;font_family:GFS%20Neohellenic%3Aregular%2Citalic%2C700%2C700italic|font_style:700%20bold%20regular%3A700%3Anormal&#8221; css=&#8221;&#8221;][\/vc_column][vc_column width=&#8221;1\/2&#8243;][vc_single_image image=&#8221;1566&#8243; img_size=&#8221;full&#8221; css=&#8221;&#8221;][vc_custom_heading text=&#8221;Detalle&#8221; font_container=&#8221;tag:h6|text_align:center&#8221; google_fonts=&#8221;font_family:GFS%20Neohellenic%3Aregular%2Citalic%2C700%2C700italic|font_style:700%20bold%20regular%3A700%3Anormal&#8221; css=&#8221;&#8221;][\/vc_column][\/vc_row][vc_row][vc_column][vc_empty_space height=&#8221;60px&#8221;][\/vc_column][\/vc_row][vc_row][vc_column width=&#8221;1\/2&#8243;]\n    <div class=\"wprt-accordions style-2 \">\n                <div class=\"accordion-item no-icon active\">\n            <h3 class=\"accordion-heading\">\n                <span class=\"inner\">Exterior<\/span>\n            <\/h3>\n            <div class=\"accordion-content\">\n                El apilador de paletas de la serie A adopta un dise\u00f1o exterior industrial profesional. El veh\u00edculo tiene un perfil suave y v\u00edvido y un dise\u00f1o completamente ergon\u00f3mico, siguiendo la tendencia de dise\u00f1o exterior. Con una gran cantidad de procesos de estampado de placas de acero y moldeo por inyecci\u00f3n para permitir un producto robusto y duradero que cumple con los requisitos de protecci\u00f3n ambiental.            <\/div>\n        <\/div>\n                <div class=\"accordion-item no-icon \">\n            <h3 class=\"accordion-heading\">\n                <span class=\"inner\">Alto Rendimiento<\/span>\n            <\/h3>\n            <div class=\"accordion-content\">\n                La direcci\u00f3n el\u00e9ctrica equipada para el tipo de plataforma permite una operaci\u00f3n m\u00e1s conveniente y flexible. El sistema de control AC Curits realiza un control preciso, estable y m\u00e1s eficiente. La estructura CANBUS hace que la comunicaci\u00f3n de todo el veh\u00edculo sea m\u00e1s r\u00e1pida y confiable.            <\/div>\n        <\/div>\n                <div class=\"accordion-item no-icon \">\n            <h3 class=\"accordion-heading\">\n                <span class=\"inner\">Comodidad<\/span>\n            <\/h3>\n            <div class=\"accordion-content\">\n                El sistema de suspensi\u00f3n tipo amortiguador hace que la conducci\u00f3n sea m\u00e1s estable y la operaci\u00f3n m\u00e1s c\u00f3moda. Con la funci\u00f3n \u00fanica de conducir a una velocidad de tortuga con una luz indicadora, el veh\u00edculo puede ser conducido m\u00e1s f\u00e1cilmente a una velocidad lenta mientras se realizan operaciones en un espacio muy estrecho.            <\/div>\n        <\/div>\n            <\/div>\n        \n[\/vc_column][vc_column width=&#8221;1\/2&#8243;]\n    <div class=\"wprt-accordions style-2 \">\n                <div class=\"accordion-item no-icon \">\n            <h3 class=\"accordion-heading\">\n                <span class=\"inner\">Confiabilidad<\/span>\n            <\/h3>\n            <div class=\"accordion-content\">\n                El interruptor de proximidad sin contacto tiene una larga vida \u00fatil y puede funcionar de manera confiable. Con un interruptor de l\u00edmite de elevaci\u00f3n electr\u00f3nico para evitar el desbordamiento de la unidad de potencia hidr\u00e1ulica, ahorrar m\u00e1s energ\u00eda y proteger el motor de la unidad de potencia. Una unidad de potencia hidr\u00e1ulica de bajo ruido, baja vibraci\u00f3n y alto rendimiento para permitir un levantamiento y descenso estable y confiable.            <\/div>\n        <\/div>\n                <div class=\"accordion-item no-icon \">\n            <h3 class=\"accordion-heading\">\n                <span class=\"inner\">Mantenimiento<\/span>\n            <\/h3>\n            <div class=\"accordion-content\">\n                El medidor integrado de visualizaci\u00f3n de potencia, temporizaci\u00f3n y autodiagn\u00f3stico de fallos es conveniente para el mantenimiento. Con un cap\u00f3 trasero que se puede abrir completamente para exponer todos los componentes y facilitar el mantenimiento del veh\u00edculo.            <\/div>\n        <\/div>\n            <\/div>\n        \n[\/vc_column][\/vc_row][vc_row][vc_column][vc_empty_space height=&#8221;60px&#8221;][\/vc_column][\/vc_row][vc_row][vc_column][vc_single_image image=&#8221;1567&#8243; img_size=&#8221;full&#8221; css=&#8221;&#8221;][\/vc_column][\/vc_row][vc_row][vc_column][vc_empty_space height=&#8221;60px&#8221;][\/vc_column][\/vc_row][vc_row][vc_column css=&#8221;.vc_custom_1715051452522{padding-top: 70px !important;}&#8221;][vc_btn title=&#8221;DESCARGAR FICHA T\u00c9CNICA&#8221; color=&#8221;warning&#8221; align=&#8221;center&#8221; css=&#8221;&#8221; link=&#8221;url:https%3A%2F%2Fwww.hcforklift.com%2Fupload%2Ffiles%2FA2%2520Series%2520Pallet%2520Truck%2520With%2520Lithium%2520Power.pdf|title:DESCARGAR%20FICHA%20T%C3%89CNICA|target:_blank&#8221;][\/vc_column][\/vc_row]<\/p>\n<\/div>","protected":false},"excerpt":{"rendered":"<p>[vc_row][vc_column][vc_column_text css=&#8221;&#8221;] La transpaleta el\u00e9ctrica de pie de la serie A2 con bater\u00eda de litio de segunda generaci\u00f3n ha sido recientemente desarrollada por Hangcha Group Co., Ltd. para log\u00edstica de almacenes. Con la \u00faltima tecnolog\u00eda de conducci\u00f3n AC, un rendimiento avanzado, comodidad operativa, seguridad y confiabilidad, y un bajo costo de mantenimiento, es la elecci\u00f3n [&hellip;]<\/p>\n","protected":false},"featured_media":1568,"template":"","meta":{"_joinchat":[]},"product_cat":[88,87,91],"product_tag":[],"class_list":{"0":"post-1564","1":"product","2":"type-product","3":"status-publish","4":"has-post-thumbnail","6":"product_cat-hangcha","7":"product_cat-montacargas","8":"product_cat-stackers","10":"first","11":"instock","12":"taxable","13":"shipping-taxable","14":"purchasable","15":"product-type-simple"},"_links":{"self":[{"href":"https:\/\/www.delpyg.com\/Montacargas\/wp-json\/wp\/v2\/product\/1564","targetHints":{"allow":["GET"]}}],"collection":[{"href":"https:\/\/www.delpyg.com\/Montacargas\/wp-json\/wp\/v2\/product"}],"about":[{"href":"https:\/\/www.delpyg.com\/Montacargas\/wp-json\/wp\/v2\/types\/product"}],"wp:featuredmedia":[{"embeddable":true,"href":"https:\/\/www.delpyg.com\/Montacargas\/wp-json\/wp\/v2\/media\/1568"}],"wp:attachment":[{"href":"https:\/\/www.delpyg.com\/Montacargas\/wp-json\/wp\/v2\/media?parent=1564"}],"wp:term":[{"taxonomy":"product_cat","embeddable":true,"href":"https:\/\/www.delpyg.com\/Montacargas\/wp-json\/wp\/v2\/product_cat?post=1564"},{"taxonomy":"product_tag","embeddable":true,"href":"https:\/\/www.delpyg.com\/Montacargas\/wp-json\/wp\/v2\/product_tag?post=1564"}],"curies":[{"name":"wp","href":"https:\/\/api.w.org\/{rel}","templated":true}]}}